 the prime factors of 7858?
2, 3929
What are the prime factors of 133?
7, 19
List the prime factors of 1772.
2, 443
What are the prime factors of 60623?
60623
List the prime factors of 5624.
2, 19, 37
List the prime factors of 10183.
17, 599
List the prime factors of 4387.
41, 107
What are the prime factors of 1234?
2, 617
List the prime factors of 2436.
2, 3, 7, 29
List the prime factors of 98512.
2, 47, 131
List the prime factors of 19369.
7, 2767
List the prime factors of 78.
2, 3, 13
What are the prime factors of 1229?
1229
What are the prime factors of 97365?
3, 5, 6491
What are the prime factors of 14079?
3, 13, 19
What are the prime factors of 1397?
11, 127
List the prime factors of 693.
3, 7, 11
List the prime factors of 13888.
2, 7, 31
What are the prime factors of 3346?
2, 7, 239
What are the prime factors of 1696?
2, 53
What are the prime factors of 283?
283
What are the prime factors of 2428?
2, 607
List the prime factors of 42198.
2, 3, 13, 541
List the prime factors of 2684.
2, 11, 61
What are the prime factors of 34062?
2, 3, 7, 811
List the prime factors of 75999.
3, 7, 11, 47
What are the prime factors of 3966?
2, 3, 661
List the prime factors of 12601.
12601
List the prime factors of 1035.
3, 5, 23
List the prime factors of 5681.
13, 19, 23
What are the prime factors of 33451?
11, 3041
List the prime factors of 19594.
2, 97, 101
List the prime factors of 21116.
2, 5279
List the prime factors of 5134.
2, 17, 151
What are the prime factors of 16794?
2, 3, 311
What are the prime factors of 1167?
3, 389
List the prime factors of 57.
3, 19
What are the prime factors of 2266?
2, 11, 103
List the prime factors of 6465.
3, 5, 431
List the prime factors of 1218.
2, 3, 7, 29
What are the prime factors of 2889?
3, 107
List the prime factors of 6505.
5, 1301
What are the prime factors of 8165?
5, 23, 71
What are the prime factors of 39768?
2, 3, 1657
What are the prime factors of 3261?
3, 1087
What are the prime factors of 1145?
5, 229
List the prime factors of 109.
109
List the prime factors of 48995.
5, 41, 239
List the prime factors of 28876.
2, 7219
List the prime factors of 40224.
2, 3, 419
List the prime factors of 23521.
43, 547
List the prime factors of 189.
3, 7
What are the prime factors of 4435?
5, 887
What are the prime factors of 17884?
2, 17, 263
List the prime factors of 161877.
3, 53959
What are the prime factors of 352?
2, 11
List the prime factors of 646.
2, 17, 19
List the prime factors of 16399.
23, 31
List the prime factors of 25523.
25523
List the prime factors of 33525.
3, 5, 149
What are the prime factors of 4336?
2, 271
What are the prime factors of 3161?
29, 109
List the prime factors of 53942.
2, 7, 3853
List the prime factors of 9296.
2, 7, 83
List the prime factors of 2561.
13, 197
What are the prime factors of 4609?
11, 419
What are the prime factors of 2862?
2, 3, 53
What are the prime factors of 765?
3, 5, 17
List the prime factors of 20212.
2, 31, 163
What are the prime factors of 2729?
2729
What are the prime factors of 455?
5, 7, 13
What are the prime factors of 128585?
5, 25717
List the prime factors of 157.
157
List the prime factors of 141962.
2, 70981
What are the prime factors of 872?
2, 109
List the prime factors of 662.
2, 331
List the prime factors of 19.
19
What are the prime factors of 489?
3, 163
What are the prime factors of 4007?
4007
What are the prime factors of 525?
3, 5, 7
List the prime factors of 3366.
2, 3, 11, 17
What are the prime factors of 20846?
2, 7, 1489
List the prime factors of 2060.
2, 5, 103
What are the prime factors of 13409?
11, 23, 53
List the prime factors of 9589.
43, 223
List the prime factors of 290.
2, 5, 29
List the prime factors of 1896.
2, 3, 79
What are the prime factors of 5624?
2, 19, 37
What are the prime factors of 1538?
2, 769
What are the prime factors of 3322?
2, 11, 151
What are the prime factors of 4158?
2, 3, 7, 11
What are the prime factors of 39024?
2, 3, 271
List the prime factors of 3272.
2, 409
List the prime factors of 55677.
3, 67, 277
List the prime factors of 349.
349
What are the prime factors of 122039?
122039
List the prime factors of 20015.
5, 4003
What are the prime factors of 39594?
2, 3, 6599
List the prime factors of 13056.
2, 3, 17
List the prime factors of 35340.
2, 3, 5, 19, 31
List the prime factors of 58124.
2, 11, 1321
What are the prime factors of 48007?
61, 787
What are the prime factors of 27944?
2, 7, 499
What are the prime factors of 2412?
2, 3, 67
List the prime factors of 19954.
2, 11, 907
What are the prime factors of 6700?
2, 5, 67
What are the prime factors of 1536?
2, 3
List the prime factors of 1601.
1601
What are the prime factors of 8204?
2, 7, 293
List the prime factors of 4700.
2, 5, 47
What are the prime factors of 4578?
2, 3, 7, 109
What are the prime factors of 59268?
2, 3, 11, 449
List the prime factors of 7233.
3, 2411
List the prime factors of 1368.
2, 3, 19
What are the prime factors of 14260?
2, 5, 23, 31
What are the prime factors of 6900?
2, 3, 5, 23
What are the prime factors of 11562?
2, 3, 41, 47
What are the prime factors of 14126?
2, 7, 1009
What are the prime factors of 6948?
2, 3, 193
List the prime factors of 49822.
2, 29, 859
List the prime factors of 4402.
2, 31, 71
List the prime factors of 932.
2, 233
List the prime factors of 15705.
3, 5, 349
List the prime factors of 9278.
2, 4639
List the prime factors of 66934.
2, 7, 683
List the prime factors of 52837.
52837
What are the prime factors of 14439?
3, 4813
What are the prime factors of 793?
13, 61
What are the prime factors of 13070?
2, 5, 1307
List the prime factors of 14603.
17, 859
What are the prime factors of 4447?
4447
What are the prime factors of 41576?
2, 5197
What are the prime factors of 538?
2, 269
List the prime factors of 3945.
3, 5, 263
What are the prime factors of 100239?
3, 33413
What are the prime factors of 3694?
2, 1847
What are the prime factors of 1397?
11, 127
What are the prime factors of 332?
2, 83
What are the prime factors of 408?
2, 3, 17
List the prime factors of 2847.
3, 13, 73
List the prime factors of 5835.
3, 5, 389
List the prime factors of 12174.
2, 3, 2029
List the prime factors of 2981.
11, 271
List the prime factors of 2161.
2161
What are the prime factors of 17298?
2, 3, 31
What are the prime factors of 1055?
5, 211
What are the prime factors of 9571?
17, 563
List the prime factors of 113.
113
What are the prime factors of 27342?
2, 3, 7, 31
List the prime factors of 6246.
2, 3, 347
What are the prime factors of 22298?
2, 11149
List the prime factors of 2738.
2, 37
What are the prime factors of 309?
3, 103
What are the prime factors of 5354?
2, 2677
List the prime factors of 3289.
11, 13, 23
List the prime factors of 7180.
2, 5, 359
What are the prime factors of 117?
3, 13
List the prime factors of 69195.
3, 5, 7, 659
List the prime factors of 1621.
1621
What are the prime factors of 15839?
47, 337
What are the prime factors of 1090?
2, 5, 109
List the prime factors of 119.
7, 17
What are the prime factors of 471?
3, 157
What are the prime factors of 11882?
2, 13, 457
What are the prime factors of 15791?
15791
What are the prime factors of 961?
31
List the prime factors of 18468.
2, 3, 19
List the prime factors of 21317.
21317
What are the prime factors of 1725?
3, 5, 23
List the prime factors of 525.
3, 5, 7
List the prime factors of 587.
587
What are the prime factors of 37698?
2, 3, 61, 103
What are the prime factors of 4166?
2, 2083
What are the prime factors of 398?
2, 199
List the prime factors of 198.
2, 3, 11
List the prime factors of 1014.
2, 3, 13
What are the prime factors of 3457?
3457
What are the prime factors of 36388?
2, 11, 827
What are the prime factors of 367?
367
What are the prime factors of 388?
2, 97
List the prime factors of 7190.
2, 5, 719
What are the prime factors of 1176?
2, 3, 7
List the prime factors of 8958.
2, 3, 1493
What are the prime factors of 9287?
37, 251
List the prime factors of 2710.
2, 5, 271
List the prime factors of 10132.
2, 17, 149
List the prime factors of 883.
883
List the prime factors of 2956.
2, 739
What are the prime factors of 8835?
3, 5, 19, 31
List the prime factors of 29540.
2, 5, 7, 211
List the prime factors of 5792.
2, 181
List the prime